{"id":62,"date":"2026-02-04T21:56:32","date_gmt":"2026-02-04T21:56:32","guid":{"rendered":"http:\/\/cac-gidl.com\/?page_id=62"},"modified":"2026-02-13T13:42:49","modified_gmt":"2026-02-13T13:42:49","slug":"accueil","status":"publish","type":"page","link":"https:\/\/cac-gidl.com\/index.php\/accueil\/","title":{"rendered":"Accueil"},"content":{"rendered":"\t\t<div data-elementor-type=\"wp-page\" data-elementor-id=\"62\" class=\"elementor elementor-62\">\n\t\t\t\t<div class=\"elementor-element elementor-element-3717d6f e-flex e-con-boxed e-con e-parent\" data-id=\"3717d6f\" data-element_type=\"container\" data-e-type=\"container\">\n\t\t\t\t\t<div class=\"e-con-inner\">\n\t\t\t\t<div class=\"elementor-element elementor-element-4b7b0a9 elementor-arrows-position-inside elementor-pagination-position-outside elementor-widget elementor-widget-image-carousel\" data-id=\"4b7b0a9\" data-element_type=\"widget\" data-e-type=\"widget\" data-settings=\"{&quot;slides_to_show&quot;:&quot;3&quot;,&quot;navigation&quot;:&quot;both&quot;,&quot;autoplay&quot;:&quot;yes&quot;,&quot;pause_on_hover&quot;:&quot;yes&quot;,&quot;pause_on_interaction&quot;:&quot;yes&quot;,&quot;autoplay_speed&quot;:5000,&quot;infinite&quot;:&quot;yes&quot;,&quot;speed&quot;:500}\" data-widget_type=\"image-carousel.default\">\n\t\t\t\t\t\t\t<div class=\"elementor-image-carousel-wrapper swiper\" role=\"region\" aria-roledescription=\"carousel\" aria-label=\"Image Carousel\" dir=\"ltr\">\n\t\t\t<div class=\"elementor-image-carousel swiper-wrapper\" aria-live=\"off\">\n\t\t\t\t\t\t\t\t<div class=\"swiper-slide\" role=\"group\" aria-roledescription=\"slide\" aria-label=\"1 of 6\"><a data-elementor-open-lightbox=\"yes\" data-elementor-lightbox-slideshow=\"4b7b0a9\" data-elementor-lightbox-title=\"1_Gouvernance_locale_decentralisation-scaled.jpg\" data-e-action-hash=\"#elementor-action%3Aaction%3Dlightbox%26settings%3DeyJpZCI6MzU0LCJ1cmwiOiJodHRwczpcL1wvY2FjLWdpZGwuY29tXC93cC1jb250ZW50XC91cGxvYWRzXC8yMDI2XC8wMlwvMV9Hb3V2ZXJuYW5jZV9sb2NhbGVfZGVjZW50cmFsaXNhdGlvbi1zY2FsZWQtMS5qcGciLCJzbGlkZXNob3ciOiI0YjdiMGE5In0%3D\" href=\"https:\/\/cac-gidl.com\/index.php\/2026\/02\/12\/atelier-de-formation\/\"><figure class=\"swiper-slide-inner\"><img decoding=\"async\" class=\"swiper-slide-image\" src=\"https:\/\/cac-gidl.com\/wp-content\/uploads\/2026\/02\/1_Gouvernance_locale_decentralisation-scaled-1-150x150.jpg\" alt=\"1_Gouvernance_locale_decentralisation-scaled.jpg\" \/><\/figure><\/a><\/div><div class=\"swiper-slide\" role=\"group\" aria-roledescription=\"slide\" aria-label=\"2 of 6\"><a data-elementor-open-lightbox=\"yes\" data-elementor-lightbox-slideshow=\"4b7b0a9\" data-elementor-lightbox-title=\"2_Accompagnement_institutionnel-1-scaled.jpg\" data-e-action-hash=\"#elementor-action%3Aaction%3Dlightbox%26settings%3DeyJpZCI6MzUyLCJ1cmwiOiJodHRwczpcL1wvY2FjLWdpZGwuY29tXC93cC1jb250ZW50XC91cGxvYWRzXC8yMDI2XC8wMlwvMl9BY2NvbXBhZ25lbWVudF9pbnN0aXR1dGlvbm5lbC0xLXNjYWxlZC0xLmpwZyIsInNsaWRlc2hvdyI6IjRiN2IwYTkifQ%3D%3D\" href=\"https:\/\/cac-gidl.com\/index.php\/2026\/02\/12\/atelier-de-formation\/\"><figure class=\"swiper-slide-inner\"><img decoding=\"async\" class=\"swiper-slide-image\" src=\"https:\/\/cac-gidl.com\/wp-content\/uploads\/2026\/02\/2_Accompagnement_institutionnel-1-scaled-1-150x150.jpg\" alt=\"2_Accompagnement_institutionnel-1-scaled.jpg\" \/><\/figure><\/a><\/div><div class=\"swiper-slide\" role=\"group\" aria-roledescription=\"slide\" aria-label=\"3 of 6\"><a data-elementor-open-lightbox=\"yes\" data-elementor-lightbox-slideshow=\"4b7b0a9\" data-elementor-lightbox-title=\"pexels-photo-8837715-1-1.jpeg\" data-e-action-hash=\"#elementor-action%3Aaction%3Dlightbox%26settings%3DeyJpZCI6MjkzLCJ1cmwiOiJodHRwczpcL1wvY2FjLWdpZGwuY29tXC93cC1jb250ZW50XC91cGxvYWRzXC8yMDI2XC8wMlwvcGV4ZWxzLXBob3RvLTg4Mzc3MTUtMS0xLTEuanBlZyIsInNsaWRlc2hvdyI6IjRiN2IwYTkifQ%3D%3D\" href=\"https:\/\/cac-gidl.com\/index.php\/2026\/02\/12\/atelier-de-formation\/\"><figure class=\"swiper-slide-inner\"><img decoding=\"async\" class=\"swiper-slide-image\" src=\"https:\/\/cac-gidl.com\/wp-content\/uploads\/2026\/02\/pexels-photo-8837715-1-1-1-150x150.jpeg\" alt=\"pexels-photo-8837715-1-1.jpeg\" \/><\/figure><\/a><\/div><div class=\"swiper-slide\" role=\"group\" aria-roledescription=\"slide\" aria-label=\"4 of 6\"><a data-elementor-open-lightbox=\"yes\" data-elementor-lightbox-slideshow=\"4b7b0a9\" data-elementor-lightbox-title=\"Photo by Julian Vera Film\" data-elementor-lightbox-description=\"Classic globe displaying continents with a vintage feel on a wooden stand.\" data-e-action-hash=\"#elementor-action%3Aaction%3Dlightbox%26settings%3DeyJpZCI6MjY4LCJ1cmwiOiJodHRwczpcL1wvY2FjLWdpZGwuY29tXC93cC1jb250ZW50XC91cGxvYWRzXC8yMDI2XC8wMlwvcGV4ZWxzLTM4Mjg4MzQuanBlZyIsInNsaWRlc2hvdyI6IjRiN2IwYTkifQ%3D%3D\" href=\"https:\/\/cac-gidl.com\/index.php\/2026\/02\/12\/atelier-de-formation\/\"><figure class=\"swiper-slide-inner\"><img decoding=\"async\" class=\"swiper-slide-image\" src=\"https:\/\/cac-gidl.com\/wp-content\/uploads\/2026\/02\/pexels-3828834-150x150.jpeg\" alt=\"Classic globe displaying continents with a vintage feel on a wooden stand.\" \/><\/figure><\/a><\/div><div class=\"swiper-slide\" role=\"group\" aria-roledescription=\"slide\" aria-label=\"5 of 6\"><a data-elementor-open-lightbox=\"yes\" data-elementor-lightbox-slideshow=\"4b7b0a9\" data-elementor-lightbox-title=\"WhatsApp Image 2026-02-08 at 11.53.52\" data-e-action-hash=\"#elementor-action%3Aaction%3Dlightbox%26settings%3DeyJpZCI6MjA3LCJ1cmwiOiJodHRwczpcL1wvY2FjLWdpZGwuY29tXC93cC1jb250ZW50XC91cGxvYWRzXC8yMDI2XC8wMlwvV2hhdHNBcHAtSW1hZ2UtMjAyNi0wMi0wOC1hdC0xMS41My41Mi5qcGVnIiwic2xpZGVzaG93IjoiNGI3YjBhOSJ9\" href=\"https:\/\/cac-gidl.com\/index.php\/2026\/02\/12\/atelier-de-formation\/\"><figure class=\"swiper-slide-inner\"><img decoding=\"async\" class=\"swiper-slide-image\" src=\"https:\/\/cac-gidl.com\/wp-content\/uploads\/2026\/02\/WhatsApp-Image-2026-02-08-at-11.53.52-150x150.jpeg\" alt=\"WhatsApp Image 2026-02-08 at 11.53.52\" \/><\/figure><\/a><\/div><div class=\"swiper-slide\" role=\"group\" aria-roledescription=\"slide\" aria-label=\"6 of 6\"><a data-elementor-open-lightbox=\"yes\" data-elementor-lightbox-slideshow=\"4b7b0a9\" data-elementor-lightbox-title=\"1_Renforcement_capacites-scaled.jpg\" data-e-action-hash=\"#elementor-action%3Aaction%3Dlightbox%26settings%3DeyJpZCI6MzUwLCJ1cmwiOiJodHRwczpcL1wvY2FjLWdpZGwuY29tXC93cC1jb250ZW50XC91cGxvYWRzXC8yMDI2XC8wMlwvMV9SZW5mb3JjZW1lbnRfY2FwYWNpdGVzLXNjYWxlZC0xLmpwZyIsInNsaWRlc2hvdyI6IjRiN2IwYTkifQ%3D%3D\" href=\"https:\/\/cac-gidl.com\/index.php\/2026\/02\/12\/atelier-de-formation\/\"><figure class=\"swiper-slide-inner\"><img decoding=\"async\" class=\"swiper-slide-image\" src=\"https:\/\/cac-gidl.com\/wp-content\/uploads\/2026\/02\/1_Renforcement_capacites-scaled-1-150x150.jpg\" alt=\"1_Renforcement_capacites-scaled.jpg\" \/><\/figure><\/a><\/div>\t\t\t<\/div>\n\t\t\t\t\t\t\t\t\t\t\t\t<div class=\"elementor-swiper-button elementor-swiper-button-prev\" role=\"button\" tabindex=\"0\">\n\t\t\t\t\t\t<svg aria-hidden=\"true\" class=\"e-font-icon-svg e-eicon-chevron-left\" viewBox=\"0 0 1000 1000\" xmlns=\"http:\/\/www.w3.org\/2000\/svg\"><path d=\"M646 125C629 125 613 133 604 142L308 442C296 454 292 471 292 487 292 504 296 521 308 533L604 854C617 867 629 875 646 875 663 875 679 871 692 858 704 846 713 829 713 812 713 796 708 779 692 767L438 487 692 225C700 217 708 204 708 187 708 171 704 154 692 142 675 129 663 125 646 125Z\"><\/path><\/svg>\t\t\t\t\t<\/div>\n\t\t\t\t\t<div class=\"elementor-swiper-button elementor-swiper-button-next\" role=\"button\" tabindex=\"0\">\n\t\t\t\t\t\t<svg aria-hidden=\"true\" class=\"e-font-icon-svg e-eicon-chevron-right\" viewBox=\"0 0 1000 1000\" xmlns=\"http:\/\/www.w3.org\/2000\/svg\"><path d=\"M696 533C708 521 713 504 713 487 713 471 708 454 696 446L400 146C388 133 375 125 354 125 338 125 325 129 313 142 300 154 292 171 292 187 292 204 296 221 308 233L563 492 304 771C292 783 288 800 288 817 288 833 296 850 308 863 321 871 338 875 354 875 371 875 388 867 400 854L696 533Z\"><\/path><\/svg>\t\t\t\t\t<\/div>\n\t\t\t\t\n\t\t\t\t\t\t\t\t\t<div class=\"swiper-pagination\"><\/div>\n\t\t\t\t\t\t\t\t\t<\/div>\n\t\t\t\t\t\t<\/div>\n\t\t\t\t\t<\/div>\n\t\t\t\t<\/div>\n\t\t<div class=\"elementor-element elementor-element-122afdb e-flex e-con-boxed e-con e-parent\" data-id=\"122afdb\" data-element_type=\"container\" data-e-type=\"container\">\n\t\t\t\t\t<div class=\"e-con-inner\">\n\t\t\t\t<div class=\"elementor-element elementor-element-ba64ff7 elementor-widget elementor-widget-text-editor\" data-id=\"ba64ff7\" data-element_type=\"widget\" data-e-type=\"widget\" data-widget_type=\"text-editor.default\">\n\t\t\t\t\t\t\t\t\t<h3>Pr\u00e9sentation<\/h3>\n<h4><br><strong data-start=\"680\" data-end=\"692\">CAC-GIDL<\/strong> (Conseil et Appui aux Collectivit\u00e9s pour la Gouvernance Inclusive et le D\u00e9veloppement Local) est une organisation non gouvernementale engag\u00e9e dans le <strong data-start=\"843\" data-end=\"905\">renforcement des capacit\u00e9s des collectivit\u00e9s territoriales<\/strong>, des organisations communautaires et des acteurs locaux.<br>Pr\u00e9sente <strong data-start=\"973\" data-end=\"1018\">en France et en R\u00e9publique Centrafricaine<\/strong>, CAC-GIDL \u0153uvre pour la promotion d\u2019une <strong data-start=\"1059\" data-end=\"1115\">gouvernance inclusive, participative et transparente<\/strong>, ainsi que pour la mise en \u0153uvre de <strong data-start=\"1152\" data-end=\"1193\">politiques publiques locales durables<\/strong>, adapt\u00e9es aux r\u00e9alit\u00e9s des territoires.<\/h4>\n<div><br><\/div>\n<h3>Misions<\/h3>\n<div><br><\/div>\n<h4>CAC-GIDL a pour mission principale d\u2019accompagner les <strong data-start=\"255\" data-end=\"286\">collectivit\u00e9s territoriales<\/strong>, les organisations communautaires et les acteurs locaux dans la promotion d\u2019une <strong data-start=\"367\" data-end=\"423\">gouvernance inclusive, participative et transparente<\/strong>.<br>L\u2019ONG \u0153uvre au <strong data-start=\"442\" data-end=\"504\">renforcement des capacit\u00e9s institutionnelles et techniques<\/strong> des \u00e9lus locaux, des agents territoriaux et des leaders communautaires.<br>Elle appuie la <strong data-start=\"594\" data-end=\"671\">conception, la mise en \u0153uvre et le suivi des politiques publiques locales<\/strong> orient\u00e9es vers le d\u00e9veloppement durable.<br>CAC-GIDL favorise la <strong data-start=\"736\" data-end=\"763\">participation citoyenne<\/strong>, l\u2019inclusion des femmes, des jeunes et des groupes vuln\u00e9rables dans les processus de d\u00e9cision.<br>Elle contribue \u00e0 l\u2019am\u00e9lioration de la <strong data-start=\"899\" data-end=\"917\">gestion locale<\/strong>, de la planification territoriale et de la mobilisation des ressources.<br>L\u2019organisation m\u00e8ne des actions de <strong data-start=\"1027\" data-end=\"1092\">formation, de conseil, d\u2019assistance technique et de plaidoyer<\/strong>.<br>Elle encourage la <strong data-start=\"1114\" data-end=\"1143\">coop\u00e9ration d\u00e9centralis\u00e9e<\/strong>, les \u00e9changes d\u2019exp\u00e9riences et les partenariats entre territoires.<br>CAC-GIDL intervient \u00e9galement dans la <strong data-start=\"1251\" data-end=\"1285\">pr\u00e9vention des conflits locaux<\/strong>, la coh\u00e9sion sociale et la promotion des droits humains.<br>Pr\u00e9sente en <strong data-start=\"1357\" data-end=\"1399\">France et en R\u00e9publique Centrafricaine<\/strong>, l\u2019ONG agit au plus pr\u00e8s des communaut\u00e9s pour un <strong data-start=\"1449\" data-end=\"1480\">d\u00e9veloppement local durable<\/strong>, \u00e9quitable et centr\u00e9 sur les populations.<\/h4>\n<div><br><\/div>\n<div><br><\/div>\n<h3>Visions<\/h3><div><br><\/div><div>\n<h4>CAC-GIDL aspire \u00e0 un monde o\u00f9 les <strong data-start=\"215\" data-end=\"246\">collectivit\u00e9s territoriales<\/strong> sont fortes, autonomes et capables de r\u00e9pondre efficacement aux besoins des populations.<br>\nL\u2019ONG porte la vision de <strong data-start=\"363\" data-end=\"440\">territoires gouvern\u00e9s de mani\u00e8re inclusive, participative et transparente<\/strong>, o\u00f9 chaque citoyen, sans distinction, contribue aux d\u00e9cisions publiques.<br>\nElle \u0153uvre pour un <strong data-start=\"535\" data-end=\"566\">d\u00e9veloppement local durable<\/strong>, fond\u00e9 sur l\u2019\u00e9quit\u00e9 sociale, la justice territoriale et la valorisation des ressources locales.<br>\nCAC-GIDL croit en des communaut\u00e9s <strong data-start=\"699\" data-end=\"742\">r\u00e9silientes, solidaires et responsables<\/strong>, capables de b\u00e2tir leur avenir dans la paix et la coh\u00e9sion sociale.<br>\nSa vision est celle d\u2019une <strong data-start=\"839\" data-end=\"871\">gouvernance locale innovante<\/strong>, renfor\u00e7ant la d\u00e9mocratie, la participation citoyenne et la redevabilit\u00e9 des acteurs publics.<br>\n\u00c0 travers ses actions en <strong data-start=\"993\" data-end=\"1035\">France et en R\u00e9publique Centrafricaine<\/strong>, CAC-GIDL ambitionne de contribuer \u00e0 l\u2019\u00e9mergence de territoires inclusifs, prosp\u00e8res et durables, au service du bien-\u00eatre des populations.<\/h4><\/div>\t\t\t\t\t\t\t\t<\/div>\n\t\t\t\t\t<\/div>\n\t\t\t\t<\/div>\n\t\t\t\t<\/div>\n\t\t","protected":false},"excerpt":{"rendered":"<p>Pr\u00e9sentation CAC-GIDL (Conseil et Appui aux Collectivit\u00e9s pour la Gouvernance Inclusive et le D\u00e9veloppement Local) est une organisation non gouvernementale engag\u00e9e dans le renforcement des capacit\u00e9s des collectivit\u00e9s territoriales, des organisations communautaires et des acteurs locaux.Pr\u00e9sente en France et en R\u00e9publique Centrafricaine, CAC-GIDL \u0153uvre pour la promotion d\u2019une gouvernance inclusive, participative et transparente, ainsi que [&hellip;]<\/p>\n","protected":false},"author":1,"featured_media":0,"parent":0,"menu_order":-14,"comment_status":"closed","ping_status":"closed","template":"","meta":{"saved_in_kubio":true,"footnotes":""},"class_list":["post-62","page","type-page","status-publish","hentry"],"kubio_ai_page_context":{"short_desc":"","purpose":"general"},"_links":{"self":[{"href":"https:\/\/cac-gidl.com\/index.php\/wp-json\/wp\/v2\/pages\/62","targetHints":{"allow":["GET"]}}],"collection":[{"href":"https:\/\/cac-gidl.com\/index.php\/wp-json\/wp\/v2\/pages"}],"about":[{"href":"https:\/\/cac-gidl.com\/index.php\/wp-json\/wp\/v2\/types\/page"}],"author":[{"embeddable":true,"href":"https:\/\/cac-gidl.com\/index.php\/wp-json\/wp\/v2\/users\/1"}],"replies":[{"embeddable":true,"href":"https:\/\/cac-gidl.com\/index.php\/wp-json\/wp\/v2\/comments?post=62"}],"version-history":[{"count":96,"href":"https:\/\/cac-gidl.com\/index.php\/wp-json\/wp\/v2\/pages\/62\/revisions"}],"predecessor-version":[{"id":751,"href":"https:\/\/cac-gidl.com\/index.php\/wp-json\/wp\/v2\/pages\/62\/revisions\/751"}],"wp:attachment":[{"href":"https:\/\/cac-gidl.com\/index.php\/wp-json\/wp\/v2\/media?parent=62"}],"curies":[{"name":"wp","href":"https:\/\/api.w.org\/{rel}","templated":true}]}}